j + -72. What is the tens digit of q?
1
Let z = 74463 + -48362. What is the ten thousands digit of z?
2
Suppose 3220*m - 818475 = 3199*m. What is the units digit of m?
5
What is the thousands digit of ((-1344)/560)/(4/(-8070))?
4
Let y = -137 + 631. Let n = -356 + y. What is the hundreds digit of n?
1
Suppose 69315 = -812*w + 827*w. What is the hundreds digit of w?
6
Suppose -z = -4*h + 71, -29*z + 31*z = -h + 20. Suppose -h*m + 24022 = 5356. What is the tens digit of m?
3
Suppose 5 = 5*m, 0 = 2*y + y - 3*m - 12. Suppose -4*i - 3*d + 100 = d, -i + y*d + 25 = 0. What is the units digit of 40/(i/(-5))*-4?
2
Let p be (-4)/(((-2)/13)/1). Let t be 2832/112 - -1*4/(-14). Let a = p - t. What is the units digit of a?
1
Let u = -98925 - -170442. What is the thousands digit of u?
1
Let v(r) = -38*r + 23. Let m(n) = -6*n + 4. Let d(o) = -7*m(o) + v(o). Let x be 1*6 - (0 - -1). What is the tens digit of d(x)?
1
Let o(r) = -16*r**3 - 10*r**2 - 39*r - 30. What is the ten thousands digit of o(-9)?
1
Let s = 673 + -673. Suppose 2*d + 3*x - 6*x - 1680 = s, -x = 3*d - 2542. What is the tens digit of d?
4
Suppose -19 = 17*p - 104. Suppose 0 = -o + p, 5*y = 6*y - 3*o - 761. What is the tens digit of y?
7
Suppose 430*s - 458*s + 16492 = 0. What is the tens digit of s?
8
Suppose 22*b + 118168 = 25*b + h, -4*b + 3*h = -157566. What is the thousands digit of b?
9
What is the units digit of (-23)/(-138) - ((-2)/(-5) - (-224617)/(-30))?
7
Let x = -10566 - -15540. What is the thousands digit of x?
4
Suppose 22*u - 17*u + 2*y - 40 = 0, -2*u - 3*y = -27. What is the hundreds digit of (-3 - -4) + (6 - -11)*u?
1
Let b(p) = 25*p**2 - 28*p - 71. What is the units digit of b(18)?
5
Let z = -76 - -78. What is the tens digit of 1*(213 + z + 2)?
1
What is the units digit of 147/(-294) + (-20189)/(-2)?
4
Let k be 156*(-2 - 12/(-16)). Let w be ((-46)/(-10) - 3)/((-2)/k). Suppose -7*j + 376 = -2*j + 2*y, 2*j - 2*y = w. What is the units digit of j?
6
Let l be 2 - ((-2056)/14 + (-2)/14). Let s = l + -2. What is the tens digit of s?
4
Suppose -6*s + k - 75548 = -9*s, 2*s - 50376 = 2*k. What is the hundreds digit of s?
1
Suppose 462 + 1162 = -56*a. Let q = a - -176. What is the hundreds digit of q?
1
What is the thousands digit of ((-31867)/44)/((-1)/(-120) - 22/165)?
5
What is the units digit of (-30)/(-50) - 1*(-2069570)/50?
2
Let t = -1123 + 698. Let c = 853 + t. What is the hundreds digit of c?
4
Suppose -5*h - 78231 = -4*s - 10*h, 4*s + 2*h - 78222 = 0. What is the ten thousands digit of s?
1
Let y = -43808 + 62238. What is the thousands digit of y?
8
Let y = 461 - 458. Suppose -12*j + 8*j = -h + 641, -y*h = j - 1897. What is the hundreds digit of h?
6
Let d(b) = -b**2 + 18*b + 1. Let f be 2*(1 - (39/(-6) + 1)). Let g be d(f). Let x = -51 + g. What is the units digit of x?
5
Let u = -442 + 914. Suppose 5*q + u = 9*q. Suppose y - 105 = q. What is the units digit of y?
3
Let n = -1334 + 429. Let b = 2151 + n. What is the units digit of b?
6
Let d = -8776 + 13937. What is the thousands digit of d?
5
Let i = -12271 - -21151. What is the units digit of i?
0
Suppose 5*f - 3 = -18, -3*f = -6*k + 39. Let y(n) be the second derivative of 5*n**4/12 - n**3/3 - 11*n**2/2 + n. What is the hundreds digit of y(k)?
1
Suppose 3*l - 115 = -5*m, l = -2*l - 4*m + 119. Let y(k) = -k**3 - 9*k**2 + 13*k - 10. Let x be y(-10). Let a = l + x. What is the units digit of a?
5
Suppose -5*q - 2*z + 10041 = -33767, 4*z = -24. What is the units digit of q?
4
Suppose -4*f + 212 + 11 = 3*r, -5*r = -f + 27. Suppose v - 32 = f. Let o = v - 31. What is the tens digit of o?
5
Let x(o) = -2*o**2 - 41*o + 5. Suppose 0 = -4*z - 3*m + 22, -4*m = -8. Suppose 0 = -5*n - 4*y - 90, -5*y = z*n + 84 - 12. What is the tens digit of x(n)?
9
What is the units digit of (-5)/(-2)*3584/140?
4
Suppose 0 = -41*r + 551 + 392. Let a = r + 249. What is the units digit of a?
2
Suppose 0 = -4*n + 3*z + 20878, 2*z + 5229 = n + 6*z. What is the units digit of n?
1
Suppose 3*r - 15 = 0, -5*l + 0*r = 4*r + 4805. Let c = l + 653. Let d = 442 + c. What is the units digit of d?
0
Let j = -8617 - -4573. Let w = j + 5995. What is the hundreds digit of w?
9
Suppose 0 = 36*i + 6015 - 27255. Suppose -3*p - 110 = -i. What is the hundreds digit of p?
1
Let z(d) = d**3 - 14*d**2 + 14*d + 11. Let x be z(13). What is the tens digit of (-6)/x - (-7517)/4?
7
Suppose -3*x + 5*g + 35 - 56 = 0, 45 = -4*x + g. Let h(j) = -9*j + 4*j - j**2 - 14 - 11*j. What is the units digit of h(x)?
4
Let f be ((-6)/(-36)*-6)/(1/(-4)). Suppose f*h + 66 = 174. What is the units digit of h?
7
Let s = 18673 - 13986. What is the units digit of s?
7
Let k(i) = -16561*i**3 + 5*i**2 - 4*i - 6. What is the hundreds digit of k(-1)?
5
Let g = 48 + -42. Let x = 37 + -61. What is the units digit of ((-80)/x)/(2/g)?
0
Suppose 11*u + 615 = 120. Let o = 11 - u. What is the units digit of o?
6
Suppose -83*b + 80*b = 1077. Let w = -150 - b. What is the hundreds digit of w?
2
What is the ten thousands digit of 1*(121/(-110))/(-11) + 1922356/40?
4
Suppose -11*o + 35*o = 168. Suppose o*y - 2372 - 4082 = 0. What is the tens digit of y?
2
Let j = 21747 + 2511. What is the thousands digit of j?
4
Suppose -6*q = -2*q - 3*q. Suppose 0 = 5*h, 3*t = -q*t + 2*h. Suppose 2*u - 104 = 2*x - 4*x, 3*x + 4*u - 160 = t. What is the tens digit of x?
4
Suppose t - 32*t + 349317 = -444934. What is the thousands digit of t?
5
Let z = -243 + 1480. Suppose 2*p + z = 3*o, 2*o + 2*p - 818 = -0*o. What is the units digit of o?
1
What is the thousands digit of (-18048182)/(-948) + 3/(-18)?
9
Let d be -2 - -2 - (-64 + -5 - -2). Let s = -31 + d. What is the tens digit of 2 + (-78)/s - 445/(-6)?
7
Suppose -9*t + 23 = -13. Suppose l = 5*q - 14, t*l - 4*q + 9*q = -31. What is the tens digit of (-771)/l + -1 + (-8)/(-6)?
8
Suppose 7500 = -3*h + 8*h. Suppose -4*b + 8 = -h. What is the units digit of b?
7
What is the units digit of 21538 - (-18 + 15) - 3?
8
Suppose -5*r = 7*i - 5*i - 3535, 2*i + 4*r - 3534 = 0. Suppose 0 = -5*h - w + i, -3*w + 179 - 532 = -h. What is the tens digit of h?
5
Let y(f) = f**2 - 8*f - 22. Suppose 135 = -24*b + 9*b. What is the hundreds digit of y(b)?
1
Let k = -9011 + 22225. What is the units digit of k?
4
What is the ten thousands digit of (-66)/(-121) - (-326578)/22?
1
Let a(d) = 4*d + 36. Let t be a(-12). Let z(l) = -l**2 - 15*l - 28. Let u be z(t). Let s(o) = o**3 - 4*o**2 - 7*o - 16. What is the tens digit of s(u)?
8
Suppose -5*r - 4*d = -1527, 299 = r + 2*d + 2*d. Let u = r + -226. What is the units digit of u?
1
Let x = -10211 + 17222. What is the tens digit of x?
1
Suppose 2*q - 3*u - 17547 = 160, 0 = -5*q - 3*u + 44215. What is the units digit of q?
6
Let p = -6 - -13. What is the tens digit of p*(66 - 4) + 2?
3
Let d(i) = 199*i**2 + 5*i + 3. Let p be d(-1). Suppose -352*h + p = -351*h. What is the units digit of h?
7
Let p(n) = 1810 - 4*n**2 - 3*n**2 + 42 + 46*n + 3*n**2 - 45*n. What is the thousands digit of p(0)?
1
Let o be ((-32)/(-60)*12)/(6/(-60)). What is the units digit of o/24*1/(16/(-204))?
4
Let d = 37687 + -19529. What is the tens digit of d?
5
What is the thousands digit of ((-1656)/(-45) + -14)/(2*9/9780)?
2
Let t be 1 + (-5 - -3) + 5. What is the units digit of 38384/112 - t/(-14)?
3
Let k be -2 + (-30)/25*-5. Suppose 3*s - 29 = 3*z - 5*z, -4*s + k*z = -32. Suppose -b - s*b + 1440 = 0. What is the units digit of b?
4
Let b(w) = -w**3 + 18*w**2 + 41*w + 2. Let f be b(20). Let m be f/11*(-69)/(-2). Let s = 18 + m. What is the tens digit of s?
8
Suppose -2956160 = -t - 123*t. What is the ten thousands digit of t?
2
Suppose g + 4928 = 2*z - 16096, 31538 = 3*z - g. What is the thousands digit of z?
0
Let l = 6940 - 3054. What is the units digit of l?
6
Suppose 11*n - 449307 = -23*n + 92313. What is the units digit of n?
0
Let w = -190 - -192. What is the hundreds digit of w/10 - 11094/(-30)?
3
Let n be (-1 - 5/(-3))/(2/804). Suppose -10*m + 9*m + 104 = -4*t, -2*m + n = 4*t. What is the units digit of m?
4
Let p = -1898 - -1990. Let g(u) = u**3 + 6*u**2 + 4*u - 4. Let q be g(-5). What is the tens digit of p - (4 + -1 + q)?
8
Let b = -4916 + 10544. What is the thousands digit of b?
5
Suppose -2340 = 398*n - 389*n. Let c = n + 1120. What is the units digit of c?
0
Suppose b - 3*f 